e prime factors of n(1).
173
What are the prime factors of 63974/14 + ((-256)/(-28))/(-16)?
3, 1523
Let u(c) = c**3 - 2*c**2 + 2*c - 4. Let z be u(2). Suppose y = 5*m + 313 + 65, 4*y + m - 1407 = z. List the prime factors of y.
353
Suppose 3*n = -18, 62*b = 61*b - n + 13008. What are the prime factors of b?
2, 3, 241
Suppose -5*d + 41 = 2*w, 0 = -3*w + 2*d + 16 - 2. Let u = -4 + w. Suppose -k + 729 = u*r - 0*k, 0 = 3*r - 5*k - 564. What are the prime factors of r?
3, 61
Suppose 3*o - 4*z = -z + 99, 4*z = 0. Let j = o + -32. What are the prime factors of 98 + (j + 2 - 1) + -4?
2, 3
Suppose -4*b = 5*a - 108881, -4*a - 12*b = -11*b - 87118. List the prime factors of a.
23, 947
Let k be 14/(7 + (-10 - -5)). Suppose 4452 = 4*d + 4*u, k*u = d + 4*u - 1125. What are the prime factors of d?
2, 3, 31
Suppose -4*m + 2808 = m + 3*h, -4*m = 4*h - 2248. Suppose -3*l = 7*v - 3*v - 1143, 2*v + 5*l = m. List the prime factors of v.
2, 3
Suppose 3*h + 2*h - 10 = 0, -3*o - 3*h - 93 = 0. Let p be 75 - -3*4/(-6). Let c = p + o. What are the prime factors of c?
2, 5
What are the prime factors of (25/(-225))/(1/(-5283))?
587
Let r be (-238)/35 + 6 - (-19)/5. Suppose r*t - 2315 = -2*t. What are the prime factors of t?
463
Let r(s) = s**3 + 2*s**2 + 2*s + 9. Let l be r(0). Let n(o) = 26*o - 30. What are the prime factors of n(l)?
2, 3, 17
Suppose 2097*m + 2455440 = 2201*m. List the prime factors of m.
2, 3, 5, 787
Let k(q) = q**3 + 78*q**2 - 7*q + 1263. List the prime factors of k(-36).
3, 17, 1097
Let z be (-14)/35 - 969/15. Let q = 23 + z. List the prime factors of (-3682)/q + (-2)/(-6).
2, 11
Suppose 6*t - t + 5 = 0, -3*i = 4*t - 2. Suppose 2*g = -h + 4*h - 1290, -2*g = i*h - 850. List the prime factors of h.
2, 107
Let l = 0 - -1. Let g = 34 - l. Suppose g = 12*z - 183. What are the prime factors of z?
2, 3
Suppose 5*l + 5*h - 10*h = 36540, 7302 = l + 2*h. What are the prime factors of l?
2, 13, 281
List the prime factors of 7/6 + (-2098880)/(-384).
7, 11, 71
Suppose 9*r - 15 = 4*r. Suppose 4*y + 31*s - 36*s - 348 = 0, 3*s = 4*y - 356. Let h = r + y. List the prime factors of h.
5, 19
Suppose -83*y + 842340 = -167804 + 10077. What are the prime factors of y?
12049
Suppose p - 2*s - 322 + 111 = 0, -4*p + 4*s + 832 = 0. Let q = 544 - p. List the prime factors of q.
3, 113
Let o(l) = 2536*l - 2568. What are the prime factors of o(28)?
2, 5, 29, 59
Suppose 0 = -19*r - 3068 - 22259. Let j = r + 2221. List the prime factors of j.
2, 3, 37
Let o(d) = d**2 + 492 - 490 + 2*d + 4*d. List the prime factors of o(4).
2, 3, 7
Let p(b) = 240*b**2 - 453*b + 41. What are the prime factors of p(10)?
109, 179
Let o(x) = 3*x**2 - 20*x + 93. Let n = 61 + -45. What are the prime factors of o(n)?
541
Let b(c) = -c**2 - 6*c + 23. Let p be b(-8). Suppose 19*i - p = 26*i. What are the prime factors of -1 + 1 - 169/i?
13
Let d(w) = -12*w**3 - 31*w**2 - 2*w - 182. What are the prime factors of d(-12)?
2, 7, 1151
Suppose -u + 116 = -3*u - 4*f, -u + f = 43. Let r = 13 - 17. Let v = r - u. List the prime factors of v.
2, 11
Suppose 156725 - 593856 = -59*l. List the prime factors of l.
31, 239
Let u be (-3)/2 + -3 + 35/2. Suppose -2*h = 7 - u. Let z = h + 36. List the prime factors of z.
3, 13
Let z = -37 - -42. Suppose y + 10 = 3*w, z*w - 3*y - 10 = 2*y. Suppose 17 = 5*v - w*v. What are the prime factors of v?
17
Let a = -5351 + 20380. What are the prime factors of a?
7, 19, 113
Let x(o) = 4*o - 21. Let z be x(6). List the prime factors of (382/(-6) - z)*72/(-15).
2, 5
Let s(f) = 103*f**3 + 5*f**2 - 10*f + 8. Let u be s(3). Suppose 0 = -r + 3*t + 1377, 2*r - t + 5*t = u. What are the prime factors of r?
2, 3, 29
Suppose 0 = 5*b - 5*d - 10791 + 2296, -5127 = -3*b - 2*d. List the prime factors of b.
5, 11, 31
Let k = 1700 + -441. What are the prime factors of k?
1259
Let t be 65/2*(-2 - 46/(-5)). List the prime factors of ((-15)/(-6))/(13/t).
3, 5
Suppose -3*w - 20362 - 536 = -3*z, -z = 3*w - 6966. What are the prime factors of z?
2, 3, 43
Suppose -50955 = -3*o - u, -157*u + 155*u - 12 = 0. List the prime factors of o.
16987
Suppose -5*i = 3*d - 30, 3*d - 1 = i + 11. Let o be (7 + -5 + i)/((-5)/(-2)). List the prime factors of (17 - 57)/(o/(-5)).
2, 5
Let a be -2 - (-63)/(-27)*-807. Let j = a + -1024. What are the prime factors of j?
857
Suppose 5*x + 3*x - 240 = 0. Suppose -27*n = -x*n + 48. Suppose 14*o + 64 = n*o. List the prime factors of o.
2
Let b be (-171)/(-6)*1488/18. Suppose 11*n = b - 321. What are the prime factors of n?
5, 37
Suppose -6*n + n - 960 = -5*x, -x = -5*n - 196. Suppose 2*d = -x + 59. Let j = d - -130. What are the prime factors of j?
2
Let r = -471 - -530. Let v = -5 - 0. Let h = r + v. What are the prime factors of h?
2, 3
Let h(p) be the second derivative of 89*p**3/3 - 331*p**2/2 - 159*p. List the prime factors of h(8).
1093
Let u(z) = 12*z**3 + 4*z**2 - 25*z - 18. List the prime factors of u(7).
3, 1373
Let z be (-4)/((-8)/(-6)) - 6. Let y(h) be the third derivative of -5*h**4/8 + 7*h**3/6 - 44*h**2. What are the prime factors of y(z)?
2, 71
What are the prime factors of (-51)/(-119) + (-1000220)/(-56) + (-3)/2?
2, 5, 19, 47
Suppose -4750 = -37*o + 8903. Let p = -286 + o. What are the prime factors of p?
83
Let f be 1 + -4 + -7 + 37. Suppose m = -s + 149, 3*s - 440 = m + f. Let b = s - 110. List the prime factors of b.
2, 11
Let h(d) = 8*d + 133. Let i be h(-16). Suppose 0 = -5*w - s + 5224, 26*w - i*s - 5200 = 21*w. List the prime factors of w.
2, 3, 29
Suppose r - 4*r = -6. Suppose -3*b + 2 = 5*x - r, 4*b + 12 = 2*x. Suppose 3*a = x*a + 107. What are the prime factors of a?
107
Let x = 11620 + -6316. Suppose -85*a - x = -93*a. What are the prime factors of a?
3, 13, 17
Let t = 1097 + 1114. Suppose t = 26*i + 7*i. What are the prime factors of i?
67
List the prime factors of (-10)/(-25)*1860985/28*2.
53171
Let k(r) = -r**3 - 8*r**2 - r + 6. Let h be k(-7). Let d = h - -36. Let n(l) = l**3 - l**2 + l + 94. What are the prime factors of n(d)?
2, 47
Suppose 245 = 5*i + 2*t, -8 + 107 = 2*i + t. Suppose 57*c - 4310 = i*c. List the prime factors of c.
431
Let s(p) be the third derivative of p**5/20 - p**4/3 + 22*p**3/3 - p**2. What are the prime factors of s(10)?
2, 3, 11
Let q(p) = 5*p**2 + 20*p + 10. Let o(f) = 2*f**2 + 41*f + 16. Let n be o(-20). Let r be q(n). What are the prime factors of (-34)/(-85) + 116/r?
2, 3
Suppose -102 = 3*z - 90. Let o(g) = 3*g**2 - g + 6. Let b be o(z). Suppose t - b = 4*p - 2*p, -p = -1. What are the prime factors of t?
2, 3, 5
Let c = 27873 - 15551. List the prime factors of c.
2, 61, 101
Suppose 5*w + 4*k - 11 = 0, -5*w - 2*k = -11 - 2. Suppose -6*y - w*c - 1172 = -8*y, y + 3*c - 577 = 0. List the prime factors of y.
11, 53
Let m(n) = -2*n - 1. Let p be m(23). Let u = 53 + p. Suppose -5*q + 4*x = -451, u*q + 2*x = 4*q + 184. List the prime factors of q.
7, 13
Let x(q) = -4*q + 13. Let b be x(-4). Let h = -24 + b. Suppose -3*d + 2*d = -h*a - 67, 0 = d - a - 75. What are the prime factors of d?
7, 11
Let c(s) = 67*s**2 - 5*s + 3. Let f be ((-6)/8)/((-20)/80). List the prime factors of c(f).
3, 197
List the prime factors of 11167 + (-5 - (-12)/3 - (4 - -1)).
11161
Suppose 14*n = 255 - 31. Let l = 246 + n. What are the prime factors of l?
2, 131
Let p(v) = 31*v**3 + v**2 - 3*v + 6. Let m = -67 - -72. Let r be -4 + (-28)/(-8) + m/2. What are the prime factors of p(r)?
2, 3, 7
Let f(u) = -9*u**2 + u + 2. Let z be f(2). Let n = -1922 + 1974. Let b = n + z. What are the prime factors of b?
2, 5
Let q be (1 - (-162 + 7))*2/(-4). Let s = 79 - q. What are the prime factors of s?
157
Suppose -4*s = 16, i = -s - 11 - 2. Let b be (-6)/(28545/(-9516) + 3). List the prime factors of i/4 + 2 - b/96.
2, 3, 11
Let n(k) = k**3 - 19*k**2 + 46. Let o be n(19). Let y = o + -44. Suppose -y*x + 594 = 4*f - x, -x - 151 = -f. What are the prime factors of f?
149
Let j(d) = 60*d + 67. Suppose -28 = -7*n + 3*n + 2*r, -2 = -n + 3*r. What are the prime factors of j(n)?
547
Let o(y) = 443*y + 1. Suppose -972 = 4*q - 976. List the prime factors of o(q).
2, 3, 37
Let i(a) = -9*a**3 + 222*a**2 - 6*a + 77. List the prime factors of i(22).
11, 1051
Let b = -2213 - -2216. Suppose -4*a + 5 = -3*a. Suppose 4*p + 168 = b*v, 89 = -0*v + 2*v + a*p. List the prime factors of 